mmon factor of 1037 and 113610609.
1037
What is the highest common divisor of 3472660 and 49724?
1604
Calculate the highest common factor of 443403 and 10089.
171
What is the highest common divisor of 1848 and 611776?
88
Calculate the highest common divisor of 161 and 20638291.
23
What is the highest common factor of 401995450 and 27650?
3950
Calculate the greatest common divisor of 893340 and 658.
14
Calculate the greatest common divisor of 310 and 2669930.
10
What is the highest common factor of 3830 and 2782290?
10
Calculate the greatest common divisor of 736 and 161964.
4
What is the greatest common divisor of 1280941 and 5404?
193
What is the greatest common divisor of 2864 and 3299507?
179
Calculate the greatest common factor of 1321822832 and 8.
8
Calculate the greatest common factor of 3023573 and 1121.
59
Calculate the highest common divisor of 3883 and 12213094.
353
What is the highest common divisor of 1469 and 1334756?
113
Calculate the highest common factor of 2616 and 3939.
3
Calculate the highest common divisor of 257425 and 1050.
175
Calculate the greatest common divisor of 5905567 and 426.
71
What is the highest common factor of 380706865 and 105?
35
What is the highest common divisor of 254375 and 35705?
185
Calculate the greatest common divisor of 182896 and 1202992.
2576
What is the greatest common divisor of 101820302 and 17286?
5762
What is the highest common divisor of 303 and 6967283?
101
What is the highest common divisor of 12502690 and 5015?
295
Calculate the greatest common factor of 1062 and 1729057599.
531
What is the highest common divisor of 11742943 and 17412?
1451
What is the highest common factor of 972 and 25975242?
486
What is the highest common divisor of 97440 and 4318216?
1624
Calculate the highest common factor of 293 and 62686471.
293
What is the highest common factor of 116390405 and 685?
685
Calculate the highest common factor of 34980 and 24280.
20
Calculate the highest common divisor of 17 and 629845427.
17
What is the highest common divisor of 441684007 and 116?
29
Calculate the highest common divisor of 540780 and 14580.
60
Calculate the highest common divisor of 462160 and 212768.
1744
Calculate the greatest common divisor of 416 and 7343668.
4
What is the greatest common factor of 520 and 8815144?
104
Calculate the highest common divisor of 657 and 11585027.
73
What is the highest common divisor of 50709742 and 68?
34
What is the greatest common factor of 7139 and 25289?
121
Calculate the highest common divisor of 208 and 172367.
13
What is the greatest common divisor of 80948 and 3110324?
1372
Calculate the highest common factor of 2267132 and 37324.
1204
Calculate the greatest common factor of 299300 and 740.
20
What is the greatest common divisor of 194161646 and 133?
133
What is the highest common factor of 144 and 36026256?
48
Calculate the greatest common factor of 779 and 3425263.
779
Calculate the greatest common factor of 17407593 and 55566.
3087
What is the greatest common factor of 179873728 and 1616?
1616
Calculate the greatest common divisor of 1602 and 8496207.
801
Calculate the highest common factor of 2593 and 17249.
1
Calculate the greatest common divisor of 8019900 and 2940.
420
What is the highest common factor of 375970 and 8330?
70
What is the highest common factor of 5879797 and 8778?
1463
Calculate the greatest common divisor of 14146804 and 369.
41
Calculate the highest common divisor of 950678860 and 115320.
19220
Calculate the highest common divisor of 339 and 20082021.
339
What is the greatest common divisor of 38508285 and 45?
15
Calculate the greatest common factor of 292 and 12226.
2
Calculate the highest common divisor of 874 and 8276734.
46
What is the greatest common factor of 120 and 27815055?
15
What is the highest common divisor of 521728 and 20992?
512
Calculate the highest common factor of 1815156 and 17496.
108
Calculate the greatest common divisor of 45961 and 30520523.
2419
Calculate the highest common factor of 2639572 and 27508.
1196
Calculate the highest common divisor of 67781 and 110607.
161
What is the greatest common divisor of 136 and 669216?
8
Calculate the highest common factor of 54663 and 9537255.
2877
Calculate the greatest common factor of 16943069 and 858.
143
What is the highest common divisor of 1903266794 and 286?
286
Calculate the highest common divisor of 668177343 and 2187.
729
Calculate the greatest common divisor of 336781 and 29463.
61
What is the greatest common divisor of 102960 and 77055?
165
What is the highest common divisor of 1300 and 7000110?
130
Calculate the highest common factor of 22 and 2122318.
22
What is the greatest common divisor of 3752 and 16219427?
469
What is the highest common divisor of 2827130540 and 710?
710
What is the greatest common factor of 55242803 and 1771?
1771
What is the greatest common divisor of 12 and 68330244?
12
What is the greatest common factor of 261689 and 42309?
1567
What is the highest common divisor of 497952 and 272223?
63
What is the highest common divisor of 1988 and 17847767?
497
What is the highest common factor of 28 and 20978404?
4
Calculate the highest common divisor of 220 and 23763740.
220
What is the highest common factor of 308211109 and 46?
23
What is the greatest common factor of 6432 and 9930528?
96
What is the greatest common divisor of 9478 and 31142?
1354
What is the greatest common factor of 5019267 and 855899?
4301
Calculate the greatest common divisor of 17708 and 177972.
4
What is the highest common divisor of 21939 and 32898489?
213
Calculate the highest common factor of 617271 and 6633.
201
Calculate the highest common divisor of 42075 and 2967525.
2475
Calculate the greatest common factor of 12582 and 528677.
233
What is the highest common factor of 1071191376 and 144?
144
Calculate the highest common factor of 10 and 285945715.
5
Calculate the greatest common divisor of 23890816 and 96.
32
What is the highest common divisor of 9415 and 7155680?
35
Calculate the highest common divisor of 1768 and 1019304.
104
What is the highest common factor of 14950309 and 4895?
979
Calculate the highest common factor of 48628550 and 550.
50
What is the highest common factor of 303136 and 224?
32
Calculate the highest common divisor of 72283 and 9003641.
1763
What is the greatest common factor of 357 and 53937124?
17
Calculate the greatest common factor of 39710114 and 1406.
38
Calculate the highest common factor of 172983 and 6218559.
327
What is the highest common divisor of 154236972 and 12?
12
What is the highest common factor of 354413 and 43483?
59
What is the highest common factor of 46795 and 3927?
7
What is the highest common factor of 10989309 and 5964?
213
What is the highest common factor of 109854 and 132331349?
6103
Calculate the greatest common divisor of 1496650 and 35.
5
What is the highest common factor of 5273366 and 578?
34
Calculate the highest common factor of 60434 and 258687.
737
What is the highest common factor of 50221983 and 77?
7
Calculate the highest common divisor of 7 and 2508717.
1
Calculate the greatest common factor of 11380326 and 6.
6
What is the greatest common factor of 3803 and 173306513?
3803
Calculate the highest common divisor of 1457568 and 453789.
189
Calculate the highest common factor of 46676265 and 2076.
519
What is the greatest common divisor of 182105 and 4417105?
4235
What is the greatest common factor of 5499 and 8059983?
141
Calculate the highest common divisor of 10276014 and 56.
14
What is the greatest common factor of 572773233 and 1629?
543
What is the highest common factor of 572924 and 918720?
1276
Calculate the highest common factor of 125460 and 1196766.
306
What is the greatest common divisor of 12 and 110318394?
6
Calculate the highest common divisor of 3203082 and 81.
9
Calculate the greatest common divisor of 21780 and 378576.
396
What is the greatest common divisor of 2700195 and 60?
15
Calculate the greatest common divisor of 354 and 1062944.
118
Calculate the highest common factor of 468818 and 1624.
14
Calculate the highest common factor of 533026 and 11622.
26
Calculate the greatest common factor of 10030846 and 149117.
3637
Calculate the greatest common divisor of 178430 and 245910.
70
What is the h